uppose -4*i - 1 + 5 = 0. Suppose -5*v + 26 - i = 0, -74 = -2*p - 2*v. List the prime factors of p.
2
Let o be (11 + -2)/3 + 2. Let t = 13 - o. List the prime factors of 2*(-10)/t*-4.
2, 5
Let x be (-3)/((-3)/(-12)*6). What are the prime factors of x + -1 - (-25 - 5)?
3
Let m(x) = 8*x**2 + 4*x + 5. What are the prime factors of m(4)?
149
Suppose -5*c + 27 = -8*c. List the prime factors of 6/c*123/(-2).
41
Let p be -15 - -7 - (-4 + 1). Let x(y) = y**3 + y**2 - 2*y + 2. Let v be x(2). Let o = p + v. What are the prime factors of o?
5
Let d be (4/(-6))/((-4)/30). Let r(n) = 7*n**2 - 13*n**3 - n**2 + n - d*n**2. What are the prime factors of r(-1)?
13
Suppose -2*l = -6, 27 = -6*v + 3*v - 5*l. Let s = v + 5. What are the prime factors of ((-8)/3)/(6/s)?
2
Let q(a) = -a**2 + 8*a - 7. Let u = 22 - 5. Suppose 0 = 5*y - 8 - u. List the prime factors of q(y).
2
Let o = -19 - -29. Let z = o + -12. Let m = z + 4. List the prime factors of m.
2
Let z(o) = 23*o - 3. Let c be z(4). Suppose 2*s + b - 37 = 0, 5*b + 0*b = -4*s + c. Suppose -8*t + 10*t = s. What are the prime factors of t?
2
Let g(t) = t**3 + 8*t**2 - 10*t - 5. Let o be g(-9). Suppose -k - 3*a = -20, -o*k - 3*a + 18 = -35. What are the prime factors of k?
11
Let s = 36 + -15. Suppose 2*y - 46 = r, 4*r - s + 61 = 2*y. What are the prime factors of y?
2, 3
Let c(p) = 2*p + 16. What are the prime factors of c(12)?
2, 5
Let p(f) = 3*f - 25. What are the prime factors of p(18)?
29
What are the prime factors of 44 + -7 + 2*-2?
3, 11
Let u(a) = -a + 8. Let w(t) = -t + 1. Let h be w(-5). Let z be u(h). Suppose z*x - 3 - 15 = 0. What are the prime factors of x?
3
Let o(m) = -5*m - 2 - 6 + 1 + m. Let j be o(-10). Suppose j - 1 = 4*t. List the prime factors of t.
2
Let h = 13 - -51. What are the prime factors of h?
2
Suppose -7 = -3*y + 2. Suppose 1 = 2*k + y. List the prime factors of k/(-4) + 22/8.
3
Suppose 52 = 5*j - j. Suppose -63 = -3*z + 33. Suppose -5*m + j = -z. List the prime factors of m.
3
Suppose -4*n - 127 + 475 = 0. What are the prime factors of n?
3, 29
Suppose -r - 5*w - 6 = 0, -2*w - w - 22 = -4*r. List the prime factors of (-3 - (-6)/r)*-10.
3, 5
Let r(m) = -m**3 + 12*m**2 - 3*m - 4. What are the prime factors of r(11)?
2, 3, 7
Suppose -6*b = -b - 220. Suppose 4*a - 73 = -a - 3*u, -2*u = 3*a - b. List the prime factors of a.
2, 7
Suppose 0 = 8*m - 3*m - 15. Suppose -i - 21 = -3*a, -a = m*i + i - 7. What are the prime factors of a?
7
Suppose -2*x + 0 = -6. Suppose x*d - 103 = -4*l + 6*d, -d + 105 = 5*l. Suppose -4*y + 5*m = -31 - l, 2*y + 5*m + 11 = 0. What are the prime factors of y?
7
Let d be (-2 - -2) + (-9)/(-3). Suppose 5*r - 5 = -5*s, -5*r + d*s = -18 - 11. Suppose 4*g + h - 43 = 0, -4*g = r*h - 5*h - 45. List the prime factors of g.
11
Let m be 2 + -1*2 + 2. Let y(b) = 3*b - 2. Let j be y(m). Suppose 33 = l - 0*x - 5*x, 0 = -3*l - 4*x + j. List the prime factors of l.
2
Let v be 2/(6/9) + -2. Let w = v - 2. What are the prime factors of (8 - 1)*(2 + w)?
7
List the prime factors of 153 - (2 + 3)/1.
2, 37
Let h = -222 + 313. What are the prime factors of h?
7, 13
Let h(a) = a**2 + a - 8. Let y be h(-4). Suppose y*f - 42 = 46. List the prime factors of f.
2, 11
Suppose -2*r + 6*r - 20 = 0. Suppose 2*w = 4*a - 42 - 48, 0 = -2*a + r*w + 41. List the prime factors of a.
23
List the prime factors of (-28)/7*(-1)/2.
2
Suppose -3*u - 3*m = 27, 5*u - 3*m = m. Let i = u + 30. List the prime factors of i.
2, 13
Let s(b) = 10*b - 2. Suppose -20 = -t - 3*t, 4*u - 4*t + 12 = 0. Let n be s(u). Let y = -2 + n. What are the prime factors of y?
2
Suppose x = -4*x + 150. List the prime factors of x.
2, 3, 5
Let g(s) = -s**2 - 9*s + 13. Let p be (-45)/6*12/9. List the prime factors of g(p).
3
Suppose -2*h - 19 = -45. Let x = h + 6. What are the prime factors of x?
19
Suppose -7*j + 3*j + 344 = 0. What are the prime factors of j?
2, 43
Let r(f) = -f**3 - 3*f**2 + 2*f + 2. Let o be r(-2). Let p(y) = -y + 4. List the prime factors of p(o).
2, 5
Let m = 35 - 2. List the prime factors of m.
3, 11
Suppose 4*h = 5*s + 362, -2*h - 4*s + 172 = -2*s. What are the prime factors of h?
2, 11
Let x(l) = 143*l**2 + l - 2. List the prime factors of x(1).
2, 71
Let m be (1 - 3)/(5/(-10)). Suppose 0 = m*k - 0*k - 20. What are the prime factors of k?
5
Let h be 2*-1 + 1 + 9. Let d(a) = -a + 17. What are the prime factors of d(h)?
3
Let f be 8/(-4 - (1 - 3)). List the prime factors of (-1)/4 + (-129)/f.
2
Suppose 0*k - 55 = -5*k. Let r = -7 + k. What are the prime factors of r - ((-3)/1)/(-3)?
3
Let x(z) be the second derivative of z**3/2 - 3*z**2/2 - 3*z. List the prime factors of x(7).
2, 3
Suppose -35*r = -30*r - 655. List the prime factors of r.
131
Let x = 2 + 10. List the prime factors of x.
2, 3
Suppose 0 = 2*x + 3 - 5, 0 = 2*o + 4*x - 8. List the prime factors of o.
2
What are the prime factors of (3 + -2)/((-4)/(-124))?
31
Let q(y) = 5*y + 1. Let s be q(-2). Let l = 13 + s. What are the prime factors of l?
2
Suppose -12 = 3*w - 0, -5*w = -2*c + 174. List the prime factors of c.
7, 11
What are the prime factors of 1*(-3 - -2)*-47*5?
5, 47
Let p = 0 - -31. List the prime factors of p.
31
Let g(p) = 2*p**2 - 17*p - 7. Let j(r) = r**2 - 8*r - 4. Let t be (2 - (-21)/(-9))*9. Let w(i) = t*g(i) + 7*j(i). List the prime factors of w(8).
17
Suppose 3*v - 107 = -4*o, 0 = -0*v - 5*v - 3*o + 193. What are the prime factors of v?
41
List the prime factors of (-3)/15 - 318/(-15).
3, 7
Let q = -384 + 546. What are the prime factors of q?
2, 3
Let q be ((-1)/(-2))/(1/(-2)). Let w = -1 + q. List the prime factors of -2 + (w - -6) - -1.
3
What are the prime factors of (-2)/5 + (-756)/(-15)?
2, 5
Let a be 3 + (-2)/(4 - 2). Let o be 29/5 - 4/(-20). Suppose -2*c + o*c = 2*k + 6, 10 = 4*c + a*k. List the prime factors of c.
2
Let r be (-5)/(51/54 + -1). Suppose q + 4*q - r = 0. What are the prime factors of q?
2, 3
Let t = -21 - -37. List the prime factors of t.
2
Suppose i + 5*m = 2*i - 131, 3*i = -4*m + 355. List the prime factors of i.
11
Let f be 3*2/(-4)*-2. Let d be ((-2)/f)/(4/(-72)). Suppose 0 = -3*n - d, -m - 2*n = m - 2. What are the prime factors of m?
5
Let z(l) = l**3 + 3*l**2 - 7*l - 9. Let v be z(-4). Suppose -v*t + 6*t = 129. What are the prime factors of t?
43
Suppose -5*h + 84 = -4*u, 5*u - 98 = -5*h + 22. What are the prime factors of h?
2, 5
Suppose -2*z = -2 - 8. Suppose 2*q + 0*r - 77 = -z*r, -3*q - 2*r = -121. What are the prime factors of q?
41
What are the prime factors of (-13)/(-2)*(0 - -2)?
13
Let p = 6 - 6. Let c be p + 22 - (1 + 0). Suppose 27 = 4*o - c. List the prime factors of o.
2, 3
Suppose 0 = 4*m - 2*m + 24. Let t = -3 - m. What are the prime factors of t?
3
Let w(n) = n**3 + 11*n**2 - 15*n - 19. List the prime factors of w(-11).
2, 73
Suppose -5*o - 28 = -213. What are the prime factors of o?
37
Suppose 4*a - t - 228 = 0, 4*a - 341 = -2*t - 125. List the prime factors of a.
2, 7
Let d = -166 - -319. List the prime factors of d.
3, 17
Let y = -44 - -4. What are the prime factors of ((-70)/y)/(1/8)?
2, 7
Suppose -2*m - 8 = -4*m. Suppose -d = -8 + m. List the prime factors of d.
2
Let a(p) = 3*p**2 + 4 - 2*p**2 - 2*p**2 + 6*p. List the prime factors of a(6).
2
Suppose 6*o = 2*x + 5*o - 303, x = -o + 153. What are the prime factors of x?
2, 19
Let i = -69 + 115. Suppose -5*o + i = -4. What are the prime factors of o?
2, 5
Suppose -2*t = -p - 3, -p = 4*t - 7 - 14. Let i be 7 + p/(15/(-6)). Suppose -i*q + 5 = 0, -4*g + q - 4 + 15 = 0. What are the prime factors of g?
3
What are the prime factors of -14*(-30)/8*2?
3, 5, 7
Let n(c) be the second derivative of c**7/2520 + c**6/720 - c**5/60 - c**4/4 + c. Let k(d) be the third derivative of n(d). List the prime factors of k(3).
2, 5
Suppose -j + 25 = -2*l, 0 = 2*l + j + j + 10. Let n(z) = -z. Let b be n(3). List the prime factors of (1 - b)/((-4)/l).
2, 5
Suppose 0 = -j + 13. Suppose -4*y - 5*f + 13 = 0, 0 = -5*f + j + 12. Let v = 16 - y. What are the prime factors of v?
19
Suppose -5*d = -5*m + 470 + 55, -5*m = -d - 525. List the prime factors of m.
3, 5, 7
Let s = 46 + -156. Let l be ((-4)/(-5))/((-2)/s). Suppose 0*k + 4*k = l. List the prime factors of k.
11
Suppose -5*c - 128 = -y - 3*y, 0 = -5*y + 4*c + 160. What are the prime factors of y?
2
Let 